f d and j.
22
Let z be 5 + 9*(-91)/(-21). Calculate the greatest common factor of 66 and z.
22
Let s be (42636/76)/((-3)/(-1)). Calculate the greatest common divisor of 44 and s.
11
Let d(k) = 2*k - 7. Let l be d(4). Let i = l - -77. Calculate the greatest common factor of 13 and i.
13
Let l(c) = 8*c + 40. Let v be l(-15). Let q = -36 - v. What is the greatest common factor of 33 and q?
11
Let a be 18/(-4)*140/(-21). Let p be 92/6 + ((-15)/(-3))/(-15). Calculate the greatest common divisor of p and a.
15
Let x = 25 - 13. Let f(d) = 11*d - 4. Let a be f(4). Suppose -68 = -c + a. What is the greatest common divisor of c and x?
12
Let w(r) = 6*r**2 + 8*r + 30. Let g be w(-5). Calculate the greatest common divisor of 56 and g.
28
Let v = -103 + 166. Calculate the greatest common divisor of 3 and v.
3
Let k = 2 + 22. Suppose -2*d + 3*q = -34 - 14, 3*q - k = -d. Calculate the greatest common divisor of d and 12.
12
Let g be ((-9)/(-15))/((-4)/(-720)). What is the greatest common factor of g and 4?
4
Let y = -174 - -243. Let u = 73 - y. Calculate the greatest common factor of u and 12.
4
Let h be 42/147 + ((-3774)/21)/(-1). What is the highest common factor of h and 9?
9
Let s = -264 - -310. What is the highest common divisor of 920 and s?
46
Let b be (-45)/6*2/(-3). Suppose -b*z + 3 = -4*z. Let m be (0 - 3)/((-2)/22). What is the greatest common factor of z and m?
3
Let l = -4 + 6. Let w(s) = 13*s - 2. Let k be w(l). Suppose -5*r = -5*u + 4*u + 13, u - 4 = -4*r. Calculate the greatest common factor of k and u.
8
Suppose 0*m = 37*m - 7770. Calculate the highest common divisor of 60 and m.
30
Suppose 5*f = -66 - 44. Let a = f + 14. Let x be -20*1*a/20. Calculate the highest common divisor of 12 and x.
4
Let h(u) = 24*u**3 - 4*u**2 + 2*u + 2. Let i be h(2). Let j be i + 0 + -3 + 1. Let l = j - 75. Calculate the greatest common divisor of l and 21.
21
Suppose -401*c = -407*c + 330. Suppose 2*t - 13 = -3*m + 3*t, -3*t = -4*m + 14. Let f = m + 0. Calculate the greatest common factor of f and c.
5
Suppose -5*x - 2*v + 406 = 0, -4*x + 4*v + 390 - 54 = 0. Calculate the greatest common factor of 2 and x.
2
Suppose 4*o + 118 = -u, -4*o - u + 6*u = 130. Let w be (-2)/2*o/6. Suppose w*i = 4*j - 59, -2*j - 3*j = -5*i - 75. What is the highest common factor of j and 8?
8
Let q(o) = -o**3 - 6*o**2 - 5*o + 4. Let a be q(-5). Let z = -58 + 64. What is the greatest common divisor of z and a?
2
Suppose -255 = -4*v + 4*a + 177, -a = -2*v + 216. Calculate the greatest common factor of v and 8.
4
Let h(j) = 2*j**3 - 14*j**2 + 41*j + 12. Let o be h(9). What is the greatest common factor of 5 and o?
5
Let o(p) be the first derivative of p**3/3 - 17*p**2/2 + 28*p - 4. Let g be o(16). What is the greatest common divisor of g and 84?
12
Let x = 50 + 25. Let d be x + (-5)/10*2. Calculate the highest common factor of 185 and d.
37
Let r(a) = -2*a + 13*a**3 + 14*a**3 + 3*a**3 + 1 + a**3. Let u be r(1). What is the greatest common factor of u and 12?
6
Let b = 23 + -18. Suppose -4*a = -b*j + 57, 5*a = -5 - 10. Suppose 3*i = -k + 190, 6*k + 249 = 4*i + 3*k. What is the highest common factor of j and i?
9
Let o = 8 + -4. Suppose 107 + 13 = o*l. Calculate the highest common factor of l and 50.
10
Let o be 188/12 - 2 - 1/(-3). Let w = o - -12. What is the greatest common factor of w and 104?
26
Let v(k) be the third derivative of k**4/24 + 73*k**3/6 - 3*k**2 + 5. Let l be v(-5). What is the highest common factor of l and 4?
4
Let l = 11 - 8. Let t(j) be the second derivative of j**4/12 - j**3/3 + 3*j**2/2 - 353*j + 2. Let w be t(l). Calculate the highest common factor of 6 and w.
6
Let v be 110/((-62)/66 - -1). Calculate the highest common divisor of v and 15.
15
Let v(h) = -5*h + 7. Let k be v(-5). Let z be 9/(18/k) + -4. What is the greatest common factor of 12 and z?
12
Suppose -7 + 19 = 4*u + 2*i, 0 = -3*u - 3*i + 12. What is the highest common divisor of u and 3?
1
Suppose 33*n - 1657 = 983. What is the greatest common factor of n and 64?
16
Let z be 0 - ((-1686)/(7 - 1) + 5). What is the greatest common divisor of z and 621?
69
Let h be ((-249)/83)/(6/(-1034)). What is the highest common factor of h and 11?
11
Let o(r) = -10*r + 88. Let k be o(-6). What is the greatest common divisor of k and 4?
4
Let o(b) = 6*b**2 - 10*b - 2. Let v be o(3). Let s = -34 - 110. Let g = -34 - s. Calculate the highest common divisor of g and v.
22
Suppose -3*a + 2*o = -4*a + 30, 0 = -3*a - o + 75. Let p = a + 13. What is the highest common factor of 111 and p?
37
Let p(x) = 46*x - 16. Let m be p(11). What is the greatest common divisor of 70 and m?
70
Let x(h) = -16 - 3 + 3 + 2*h. Let l be x(18). Calculate the highest common divisor of l and 80.
20
Suppose -5*i + 3*i = 0. Suppose b - 5*k + 3 = i, 45 = b + 2*b + 3*k. What is the greatest common factor of b and 48?
12
Let f be 0 + 2 + 3*7. Suppose 38*r - 42*r = -48. Suppose -219 = -i - r. Calculate the greatest common factor of f and i.
23
Suppose 2*c + 4 = 3*c. Let b be (-51)/(-9) - 1 - (-28)/(-42). Suppose -2*r = -0*r + c*v - 82, -233 = -5*r + b*v. What is the highest common divisor of 18 and r?
9
Let y = 58 + -22. Suppose y + 69 = -5*h. Let o = -3 - h. Calculate the highest common divisor of 54 and o.
18
Let d = 307 - 177. Let z = -105 + d. Calculate the greatest common factor of z and 10.
5
Let a = -267 - -306. Calculate the highest common divisor of a and 143.
13
Suppose 220 = -22*k + 32*k. Calculate the highest common divisor of 11 and k.
11
Suppose 5*l = 2*a - 1016, 4*l = -4*a + a + 1547. Calculate the greatest common divisor of 27 and a.
27
Let n(t) = -101*t - 9. Let l be n(-2). Let w be (-16)/(-104) - l/(-13). Let f be (-208)/(-10) - 12/w. Calculate the greatest common factor of 30 and f.
10
Suppose 5*q - 367 = 228. Suppose -6*g + 2*i + 102 = 0, -3*i - 14 = -4*g + 54. Calculate the highest common factor of q and g.
17
Let a be 3*5*(-8 - 658/(-70)). What is the highest common factor of a and 525?
21
Suppose 0*u = -4*u + 3*n - 133, 5*u - 4*n = -167. Let m = -11 - u. What is the greatest common divisor of m and 20?
20
Suppose 2 + 2 = 2*y. Suppose -4*a = -y*a - o - 39, 0 = -5*a - 4*o + 104. Let c = -77 + 81. Calculate the greatest common factor of a and c.
4
Let s = -41 + 179. Let k be 4/(417/s + -3). Let g(j) = j**2 + 2*j - 1. Let f be g(4). Calculate the highest common divisor of k and f.
23
Suppose 53 = -32*t + 469. Suppose -523 = -4*v + 553. Let a = v - 178. What is the highest common divisor of a and t?
13
Suppose 31*d - 28*d = 5*c + 405, -263 = -2*d + c. What is the highest common factor of d and 90?
10
Let y(q) = -56*q - 108. Let g be y(-4). Calculate the highest common factor of g and 319.
29
Suppose 3*c - 2 = 4. Suppose -2*z + 6*z - 2*u - 170 = 0, 0 = -c*u - 2. What is the highest common factor of z and 56?
14
Let n(d) = 9*d**2 + 45*d + 4. Let m be n(-17). Suppose 17*k - 25*k + m = 0. What is the greatest common factor of k and 23?
23
Let u = -199 - -284. Suppose 0 = -5*y - k + u, k = 3*y - 25 - 18. Calculate the highest common divisor of y and 176.
16
Let k be 204/15 + (-8)/(-20). Suppose 0*s = -5*u + 2*s + 518, 0 = 5*s + 20. Let z = u + -46. Calculate the greatest common factor of k and z.
14
Suppose 0 = -9*l - 37 - 287. Let f = l - -151. What is the greatest common factor of 46 and f?
23
Let i be 5580/(-8)*64/(-20). What is the greatest common divisor of 72 and i?
72
Let a(y) = 2*y**2 + 115*y - 476. Let m be a(4). What is the greatest common divisor of m and 1888?
16
Let o = -8 + 14. Suppose 3*q - q + 8 = 4*r, -4 = -2*r - 2*q. Suppose 0 = -5*k + r*h + 56, k + 40 = 5*k - 4*h. What is the highest common factor of k and o?
6
Let l be 25/((-3)/(-9)*3). Let a(s) = 8*s - 39. Let n be a(8). Calculate the highest common factor of l and n.
25
Let n(l) = l**3 - 6*l**2 + 6*l + 7. Let z be n(6). Let j(v) = -124*v - 567. Let x be j(-7). Calculate the highest common divisor of z and x.
43
Suppose 8*v - 444 = 5*v. What is the highest common factor of 555 and v?
37
Suppose -4*a + 5*q = -111, 0 = -0*a + 2*a + 2*q - 42. Let c(d) = -9*d**3 - 3*d**2 - 5*d + 2. Let u be c(-2). What is the greatest common factor of u and a?
24
Let f(m) = -4 - 9*m**2 + 8*m**2 + 0*m**2 + 16*m. Let p be f(12). What is the highest common divisor of p and 4?
4
Let s(m) = 